True
Is 58 a factor of 2580?
False
Is 3 even?
False
Is 545 a multiple of 16?
False
Does 91 divide 16289?
True
Is 17152 a multiple of 8?
True
Is 62696 a multiple of 8?
True
Is 5379 a multiple of 11?
True
Is 10 a factor of 3222?
False
Is 14 a factor of 15876?
True
Is 213 even?
False
Is 256 a multiple of 7?
False
Is 118 a multiple of 32?
False
Does 9 divide 23364?
True
Is 11445 a multiple of 36?
False
Is 56 a factor of 392?
True
Is 25 a factor of 13943?
False
Is 3471 a multiple of 14?
False
Is 125 a multiple of 25?
True
Is 41243 a multiple of 33?
False
Is 180 a multiple of 15?
True
Does 6 divide 371?
False
Is 3 a factor of 441?
True
Is 2940 a multiple of 16?
False
Is 5945 a multiple of 145?
True
Is 18 a factor of 67281?
False
Does 7 divide 9544?
False
Is 17093 a multiple of 55?
False
Is 163 a factor of 8965?
True
Is 12 a factor of 6354?
False
Is 30 a factor of 6090?
True
Is 2875 a multiple of 13?
False
Is 2378 a multiple of 29?
True
Does 2 divide 314?
True
Is 35328 a multiple of 24?
True
Is 2294 a multiple of 5?
False
Is 190 a factor of 69540?
True
Is 348 a multiple of 11?
False
Is 19 a factor of 3123?
False
Does 169 divide 51545?
True
Is 11939 a multiple of 9?
False
Is 2 a factor of 6?
True
Does 56 divide 1288?
True
Is 4352 a multiple of 64?
True
Is 272 a multiple of 4?
True
Does 148 divide 32412?
True
Is 131 a multiple of 5?
False
Is 3 a factor of 1826?
False
Is 8938 a multiple of 82?
True
Does 23 divide 3641?
False
Does 8 divide 1084?
False
Is 551 even?
False
Is 84 a multiple of 13?
False
Does 22 divide 198?
True
Is 82 a factor of 6232?
True
Is 14869 a multiple of 25?
False
Does 45 divide 17415?
True
Is 145 a factor of 4205?
True
Is 4329 a multiple of 14?
False
Is 11 a factor of 7446?
False
Does 6 divide 98?
False
Is 9 a factor of 11162?
False
Is 4488 a multiple of 33?
True
Does 29 divide 193986?
False
Is 3 a factor of 4641?
True
Is 5664 a multiple of 3?
True
Is 10 a factor of 2105?
False
Does 32 divide 30490?
False
Is 5 a factor of 37?
False
Is 1591 a multiple of 37?
True
Is 21546 a multiple of 159?
False
Is 26 a factor of 37309?
False
Is 2094 a multiple of 6?
True
Is 34 a factor of 3911?
False
Does 31 divide 8866?
True
Is 93 a factor of 4340?
False
Is 35420 a multiple of 11?
True
Is 32 a factor of 235?
False
Does 259 divide 100233?
True
Does 40 divide 50148?
False
Is 2388 a multiple of 11?
False
Is 32 a factor of 45984?
True
Is 376 a multiple of 117?
False
Is 11489 a multiple of 159?
False
Is 1013 a multiple of 4?
False
Is 1952 a multiple of 16?
True
Does 8 divide 850?
False
Does 5 divide 207?
False
Is 8177 a multiple of 37?
True
Is 3 a factor of 89?
False
Does 98 divide 2696?
False
Is 112 a factor of 44576?
True
Is 20 a factor of 4220?
True
Does 9 divide 5505?
False
Is 8128 a multiple of 127?
True
Is 7 a factor of 30338?
True
Does 92 divide 3036?
True
Does 66 divide 4488?
True
Is 29 a factor of 696?
True
Is 10868 a multiple of 11?
True
Is 84 a factor of 8064?
True
Is 25 a factor of 8676?
False
Is 78 a factor of 1482?
True
Is 3591 a multiple of 14?
False
Is 11186 a multiple of 47?
True
Is 441 a multiple of 7?
True
Does 13 divide 3003?
True
Is 7 a factor of 98?
True
Is 18102 a multiple of 14?
True
Is 3761 a multiple of 8?
False
Is 9 a factor of 625?
False
Does 4 divide 2580?
True
Is 211 a factor of 19805?
False
Is 42 a factor of 30702?
True
Is 4032 a multiple of 36?
True
Does 9 divide 64056?
False
Is 7 a factor of 493?
False
Is 22 a factor of 4102?
False
Is 9 a factor of 65835?
True
Does 185 divide 22940?
True
Is 17 a factor of 3196?
True
Does 2 divide 1472?
True
Does 9 divide 585?
True
Does 110 divide 4713?
False
Is 2 a factor of 6162?
True
Is 2368 a multiple of 32?
True
Is 75 a factor of 1800?
True
Is 15247 a multiple of 14?
False
Is 64 a factor of 3761?
False
Does 6 divide 174?
True
Is 505 a multiple of 6?
False
Is 33135 a multiple of 47?
True
Is 42231 a multiple of 13?
False
Is 3 a factor of 7525?
False
Is 1280 a multiple of 10?
True
Is 1749 a multiple of 33?
True
Is 1592 a multiple of 20?
False
Is 23 a factor of 1016?
False
Is 2048 a multiple of 16?
True
Is 78 a factor of 38220?
True
Does 20 divide 46909?
False
Is 140 a factor of 25060?
True
Is 79 a factor of 4662?
False
Is 4736 a multiple of 58?
False
Does 118 divide 2351?
False
Is 104 a factor of 9266?
False
Does 25 divide 10250?
True
Is 5695 a multiple of 61?
False
Is 16 a multiple of 2?
True
Is 46 a factor of 7820?
True
Is 20861 a multiple of 7?
False
Is 646 a multiple of 19?
True
Is 10 a factor of 420?
True
Does 14 divide 316?
False
Is 368 a multiple of 23?
True
Is 63480 a multiple of 20?
True
Does 7 divide 245?
True
Is 19 a factor of 20298?
False
Does 8 divide 3104?
True
Is 28 a factor of 5027?
False
Is 10 a factor of 240?
True
Does 286 divide 16016?
True
Does 5 divide 37?
False
Is 53 a factor of 66?
False
Does 14 divide 9786?
True
Is 5 a factor of 610?
True
Is 47 a factor of 470?
True
Is 26075 a multiple of 152?
False
Does 54 divide 887?
False
Is 89 a factor of 170892?
False
Is 57 a factor of 2090?
False
Is 20 a factor of 29708?
False
Is 1953 a multiple of 63?
True
Does 21 divide 588?
True
Is 56 a factor of 21363?
False
Is 7 a factor of 7476?
True
Is 15 a factor of 24148?
False
Is 11 a factor of 63250?
True
Is 108315 a multiple of 145?
True
Does 26 divide 160?
False
Is 1950 a multiple of 26?
True
Is 14 a factor of 10225?
False
Is 5 a factor of 60?
True
Does 36 divide 53?
False
Is 108 a multiple of 12?
True
Is 2207 a multiple of 3?
False
Is 688 a multiple of 4?
True
Is 12 a factor of 108714?
False
Is 28 a factor of 6300?
True
Is 84 a multiple of 42?
True
Does 9 divide 2607?
False
Does 28 divide 3276?
True
Is 1863 a multiple of 95?
False
Is 9 a factor of 585?
True
Is 125 a factor of 224?
False
Does 106 divide 3180?
True
Is 2720 a multiple of 32?
True
Is 13 a factor of 5105?
False
Does 23 divide 3726?
True
Does 16 divide 256?
True
Does 6 divide 106?
False
Does 130 divide 5092?
False
Is 69 a factor of 60099?
True
Does 4 divide 612?
True
Is 10 a factor of 5810?
True
Is 65 a factor of 6955?
True
Does 3 divide 827?
False
Does 20 divide 247?
False
Is 15367 a multiple of 121?
True
Does 8 divide 2448?
True
Is 1547 a multiple of 25?
False
Is 37 a factor of 52355?
True
Is 44 a factor of 591?
False
Does 12 divide 48?
True
Is 56 a multiple of 14?
True
Does 111 divide 117105?
True
Does 11 divide 17336?
True
Does 40 divide 681?
False
Does 25 divide 675?
True
Is 1012 a multiple of 46?
True
Is 5072 a multiple of 19?
False
Is 3485 a multiple of 14?
False
Is 2 a factor of 1176?
True
Does 7 divide 413?
True
Does 125 divide 32535?
False
Is 6 a factor of 3197?
False
Does 4 divide 1844?
True
Does 7 divide 8729?
True
Is 2232 a multiple of 31?
True
Does 16 divide 8864?
True
Is 76 a factor of 258?
False
Is 9 a factor of 1224?
True
Is 106 a factor of 14939?
False
Does 14 divide 13076?
True
Is 8 a factor of 925?
False
Is 53 a factor of 2544?
True
Is 45 a factor of 498?
False
Is 180 a multiple of 6?
True
Is 28 a factor of 6162?
False
Is 18 a factor of 2527?
False
Does 8 divide 3076?
False
Does 15 divide 21517?
False
Does 19 divide 665?
True
Is 4913 a multiple of 3?
False
Is 1620 a multiple of 30?
True
Is 13 a factor of 2443?
False
Does 35 divide 12503?
False
Does 87 divide 6786?
True
Is 56 a factor of 13539?
False
Is 189 a multiple of 27?
True
Does 23 divide 490?
False
Does 22 divide 11123?
False
Is 13 a factor of 245?
False
Does 100 divide 76800?
True
Is 237 a multiple of 5?
False
Is 444 even?
True
Is 110 a factor of 14520?
True
Does 8 divide 5000?
True
Is 3 a factor of 1781?
False
Is 264 a multiple of 8?
True
Does 21 divide 756?
True
Is 1611 a multiple of 15?
False
Is 2048 a multiple of 32?
True
Is 20 a factor of 707?
False
Is 24 a factor of 13783?
False
Does 25 divide 100?
True
Is 10 a factor of 1090?
True
Is 21 a factor of 4290?
False
Is 4 a factor of 270?
False
Is 7 a factor of 8260?
True
Is 103 a factor of 4120?
True
Does 11 divide 16491?
False
Is 165 a multiple of 4?
False
Does 10 divide 9803?
False
Is 14 a factor of 595?
False
Does 9 divide 2205?
True
Is 6055 a multiple of 11?
False
Is 414 a multiple of 4?
False
Is 13360 a multiple of 44?
False
Does 9 divide 3024?
True
Does 56 divide 56?
True
Is 3484 a multiple of 26?
True
Is 130 a factor of 4810?
True
Is 6 a factor of 252?
True
Is 5045 a multiple